{"id":559,"date":"2017-08-16T08:03:16","date_gmt":"2017-08-16T05:03:16","guid":{"rendered":"https:\/\/www.hstr-oto.com\/?page_id=559"},"modified":"2025-10-27T20:49:39","modified_gmt":"2025-10-27T17:49:39","slug":"kalite-hedeflerimiz","status":"publish","type":"page","link":"https:\/\/www.hsabg.com\/?page_id=559","title":{"rendered":"Our Quality Goals"},"content":{"rendered":"<h4 style=\"text-align: center;\"><strong><span style=\"color: white;\">KAL\u0130TE HEDEFLER\u0130M\u0130Z<\/span><\/strong><\/h4>\n<p><span style=\"color: #000000;\"><a href=\"https:\/\/www.hstr-oto.com\/wp-content\/uploads\/2017\/03\/icon.png\"><img loading=\"lazy\" decoding=\"async\" class=\"alignnone wp-image-108 alignleft\" src=\"https:\/\/www.hstr-oto.com\/wp-content\/uploads\/2017\/03\/icon.png\" alt=\"\" width=\"16\" height=\"16\" \/><\/a><\/span>HWASEUNG Global&#8217;s Europa facility, HWASEUNG BULGARIA, manufactures and supplies our customers with \u201call types of rubber-made window seals, trunk seals, brake hoses, engine transmission hoses, and all kinds of automotive transmission products\u201d within the scope of our business activities.<\/p>\n<p><span style=\"color: #000000;\"><a href=\"https:\/\/www.hstr-oto.com\/wp-content\/uploads\/2017\/03\/icon.png\"><img loading=\"lazy\" decoding=\"async\" class=\"alignnone wp-image-108 alignleft\" src=\"https:\/\/www.hstr-oto.com\/wp-content\/uploads\/2017\/03\/icon.png\" alt=\"\" width=\"16\" height=\"16\" \/><\/a><\/span>Being among the leading companies in the industry in this field and maintaining continuity,<\/p>\n<p><span style=\"color: #000000;\"><a href=\"https:\/\/www.hstr-oto.com\/wp-content\/uploads\/2017\/03\/icon.png\"><img loading=\"lazy\" decoding=\"async\" class=\"alignnone wp-image-108 alignleft\" src=\"https:\/\/www.hstr-oto.com\/wp-content\/uploads\/2017\/03\/icon.png\" alt=\"\" width=\"16\" height=\"16\" \/><\/a>Ensuring that the specific requests of current and potential new customers are accommodated within the company, thereby enabling the company to be prepared in advance for potential new customers and new beginnings in new markets<\/span>,<\/p>\n<p><span style=\"color: #000000;\"><a href=\"https:\/\/www.hstr-oto.com\/wp-content\/uploads\/2017\/03\/icon.png\"><img loading=\"lazy\" decoding=\"async\" class=\"alignnone wp-image-108 alignleft\" src=\"https:\/\/www.hstr-oto.com\/wp-content\/uploads\/2017\/03\/icon.png\" alt=\"\" width=\"16\" height=\"16\" \/><\/a><\/span>By reflecting our customers&#8217; expectations to our suppliers, we engage in the necessary training and support activities to establish suppliers that meet our system quality standards.<\/p>\n<p><span style=\"color: #000000;\"><a href=\"https:\/\/www.hstr-oto.com\/wp-content\/uploads\/2017\/03\/icon.png\"><img loading=\"lazy\" decoding=\"async\" class=\"alignnone wp-image-108 alignleft\" src=\"https:\/\/www.hstr-oto.com\/wp-content\/uploads\/2017\/03\/icon.png\" alt=\"\" width=\"16\" height=\"16\" \/><\/a><\/span>By prioritizing customer satisfaction, promptly identifying changing demands, responding quickly to requests, ensuring timely delivery, and offering high-quality products at competitive prices.<\/p>\n<p><span style=\"color: #000000;\"><a href=\"https:\/\/www.hstr-oto.com\/wp-content\/uploads\/2017\/03\/icon.png\"><img loading=\"lazy\" decoding=\"async\" class=\"alignnone wp-image-108 alignleft\" src=\"https:\/\/www.hstr-oto.com\/wp-content\/uploads\/2017\/03\/icon.png\" alt=\"\" width=\"16\" height=\"16\" \/><\/a><\/span>Production with ZERO DEFECTS and timely delivery,<\/p>\n<p><span style=\"color: #000000;\"><a href=\"https:\/\/www.hstr-oto.com\/wp-content\/uploads\/2017\/03\/icon.png\"><img loading=\"lazy\" decoding=\"async\" class=\"alignnone wp-image-108 alignleft\" src=\"https:\/\/www.hstr-oto.com\/wp-content\/uploads\/2017\/03\/icon.png\" alt=\"\" width=\"16\" height=\"16\" \/><\/a><\/span>Setting aside the principle of sorting out defective production and focusing on the concept of achieving flawless production and ensuring reliable product manufacturing,<\/p>\n<p><span style=\"color: #000000;\"><a href=\"https:\/\/www.hstr-oto.com\/wp-content\/uploads\/2017\/03\/icon.png\"><img loading=\"lazy\" decoding=\"async\" class=\"alignnone wp-image-108 alignleft\" src=\"https:\/\/www.hstr-oto.com\/wp-content\/uploads\/2017\/03\/icon.png\" alt=\"\" width=\"16\" height=\"16\" \/><\/a><\/span>Adopting the understanding that all personnel are responsible for quality and, therefore, instilling quality awareness in all personnel, providing training to develop their knowledge and skills,<\/p>\n<p><span style=\"color: #000000;\"><a href=\"https:\/\/www.hstr-oto.com\/wp-content\/uploads\/2017\/03\/icon.png\"><img loading=\"lazy\" decoding=\"async\" class=\"alignnone wp-image-108 alignleft\" src=\"https:\/\/www.hstr-oto.com\/wp-content\/uploads\/2017\/03\/icon.png\" alt=\"\" width=\"16\" height=\"16\" \/><\/a><\/span>Ensuring employee happiness and motivation, creating a pleasant working environment with human resources that suggest, correct, and develop, and establishing an excellent work environment.<\/p>\n<p><span style=\"color: #000000;\"><a href=\"https:\/\/www.hstr-oto.com\/wp-content\/uploads\/2017\/03\/icon.png\"><img loading=\"lazy\" decoding=\"async\" class=\"alignnone wp-image-108 alignleft\" src=\"https:\/\/www.hstr-oto.com\/wp-content\/uploads\/2017\/03\/icon.png\" alt=\"\" width=\"16\" height=\"16\" \/><\/a><\/span>Ensuring that employees perform their duties on time, with conviction, and in a manner that requires no subsequent correction,<\/p>\n<p><span style=\"color: #000000;\"><a href=\"https:\/\/www.hstr-oto.com\/wp-content\/uploads\/2017\/03\/icon.png\"><img loading=\"lazy\" decoding=\"async\" class=\"alignnone wp-image-108 alignleft\" src=\"https:\/\/www.hstr-oto.com\/wp-content\/uploads\/2017\/03\/icon.png\" alt=\"\" width=\"16\" height=\"16\" \/><\/a><\/span>Respect for society and the environment and the fulfillment of responsibilities for this purpose,<\/p>\n<p><span style=\"color: #000000;\"><a href=\"https:\/\/www.hstr-oto.com\/wp-content\/uploads\/2017\/03\/icon.png\"><img loading=\"lazy\" decoding=\"async\" class=\"alignnone wp-image-108 alignleft\" src=\"https:\/\/www.hstr-oto.com\/wp-content\/uploads\/2017\/03\/icon.png\" alt=\"\" width=\"16\" height=\"16\" \/><\/a><\/span>Achieving targets based on measurable internal and external performance metrics, maintaining continuity, and fostering a culture of continuous improvement.<\/p>\n<p style=\"padding-left: 34px;\">is our quality policy.<\/p>\n","protected":false},"excerpt":{"rendered":"<p>KAL\u0130TE HEDEFLER\u0130M\u0130Z HWASEUNG Global&#8217;s Europa facility, HWASEUNG BULGARIA, manufactures and supplies our customers with \u201call types of rubber-made window seals, trunk seals, brake hoses, engine transmission hoses, and all kinds of automotive transmission products\u201d within the scope of our business activities. Being among the leading companies in the industry in this field and maintaining continuity, [&hellip;]<\/p>\n","protected":false},"author":1,"featured_media":0,"parent":0,"menu_order":0,"comment_status":"closed","ping_status":"closed","template":"","meta":{"site-sidebar-layout":"default","site-content-layout":"","ast-site-content-layout":"default","site-content-style":"default","site-sidebar-style":"default","ast-global-header-display":"","ast-banner-title-visibility":"","ast-main-header-display":"","ast-hfb-above-header-display":"","ast-hfb-below-header-display":"","ast-hfb-mobile-header-display":"","site-post-title":"","ast-breadcrumbs-content":"","ast-featured-img":"","footer-sml-layout":"","theme-transparent-header-meta":"","adv-header-id-meta":"","stick-header-meta":"","header-above-stick-meta":"","header-main-stick-meta":"","header-below-stick-meta":"","astra-migrate-meta-layouts":"set","ast-page-background-enabled":"default","ast-page-background-meta":{"desktop":{"background-color":"var(--ast-global-color-4)","background-image":"","background-repeat":"repeat","background-position":"center center","background-size":"auto","background-attachment":"scroll","background-type":"","background-media":"","overlay-type":"","overlay-color":"","overlay-opacity":"","overlay-gradient":""},"tablet":{"background-color":"","background-image":"","background-repeat":"repeat","background-position":"center center","background-size":"auto","background-attachment":"scroll","background-type":"","background-media":"","overlay-type":"","overlay-color":"","overlay-opacity":"","overlay-gradient":""},"mobile":{"background-color":"","background-image":"","background-repeat":"repeat","background-position":"center center","background-size":"auto","background-attachment":"scroll","background-type":"","background-media":"","overlay-type":"","overlay-color":"","overlay-opacity":"","overlay-gradient":""}},"ast-content-background-meta":{"desktop":{"background-color":"var(--ast-global-color-5)","background-image":"","background-repeat":"repeat","background-position":"center center","background-size":"auto","background-attachment":"scroll","background-type":"","background-media":"","overlay-type":"","overlay-color":"","overlay-opacity":"","overlay-gradient":""},"tablet":{"background-color":"var(--ast-global-color-5)","background-image":"","background-repeat":"repeat","background-position":"center center","background-size":"auto","background-attachment":"scroll","background-type":"","background-media":"","overlay-type":"","overlay-color":"","overlay-opacity":"","overlay-gradient":""},"mobile":{"background-color":"var(--ast-global-color-5)","background-image":"","background-repeat":"repeat","background-position":"center center","background-size":"auto","background-attachment":"scroll","background-type":"","background-media":"","overlay-type":"","overlay-color":"","overlay-opacity":"","overlay-gradient":""}},"two_page_speed":[],"footnotes":""},"class_list":["post-559","page","type-page","status-publish","hentry"],"_links":{"self":[{"href":"https:\/\/www.hsabg.com\/index.php?rest_route=\/wp\/v2\/pages\/559","targetHints":{"allow":["GET"]}}],"collection":[{"href":"https:\/\/www.hsabg.com\/index.php?rest_route=\/wp\/v2\/pages"}],"about":[{"href":"https:\/\/www.hsabg.com\/index.php?rest_route=\/wp\/v2\/types\/page"}],"author":[{"embeddable":true,"href":"https:\/\/www.hsabg.com\/index.php?rest_route=\/wp\/v2\/users\/1"}],"replies":[{"embeddable":true,"href":"https:\/\/www.hsabg.com\/index.php?rest_route=%2Fwp%2Fv2%2Fcomments&post=559"}],"version-history":[{"count":15,"href":"https:\/\/www.hsabg.com\/index.php?rest_route=\/wp\/v2\/pages\/559\/revisions"}],"predecessor-version":[{"id":945,"href":"https:\/\/www.hsabg.com\/index.php?rest_route=\/wp\/v2\/pages\/559\/revisions\/945"}],"wp:attachment":[{"href":"https:\/\/www.hsabg.com\/index.php?rest_route=%2Fwp%2Fv2%2Fmedia&parent=559"}],"curies":[{"name":"wp","href":"https:\/\/api.w.org\/{rel}","templated":true}]}}